-6) + 87/n is divided by 4.
3
Suppose 2 = 15*d - 16*d. Calculate the remainder when (-2)/8*d - 34/(-4) is divided by -10*(-2)/4*1.
4
Suppose 4*m = -5*f + 97, 5*m - 22 = 3*f + 53. Calculate the remainder when 38 is divided by m.
2
Suppose 2 = 3*g - 10. Suppose g*f - 38 = -3*y, -5*f = -1 - 24. Calculate the remainder when 29 is divided by y.
5
Suppose -2*w + 2*f = 2*w - 634, -2*w = 3*f - 337. Let j = w + -127. What is the remainder when 135 is divided by j?
33
Let h(a) = 228*a**2 - 12*a - 2. Calculate the remainder when h(-2) is divided by 9.
7
Suppose -5*u + 92 = -93. What is the remainder when 139 is divided by u?
28
Let y = -199 + 224. What is the remainder when 41 is divided by y?
16
What is the remainder when (-4)/(-22) - (11 - 37701/99) is divided by 96?
82
Let q = 196 - -1. Calculate the remainder when q is divided by 31.
11
Suppose p = 5*r - 3*p - 322, -245 = -4*r - p. Calculate the remainder when 990 is divided by r.
60
Suppose 5 = 2*v - 3. Calculate the remainder when (1 - v) + (-5 - -19) is divided by 7.
4
Calculate the remainder when (4/10)/((-28)/(-18410)) is divided by 80.
23
Suppose 3*w + 2*w - 10 = 2*i, -1 = -i + w. Suppose i*a - 4*v = -5, -2*v + 4*v = -5*a - 35. Let x = -3 - a. What is the remainder when 3 is divided by x?
1
Suppose f + 36 = n - 2*f, -3 = -3*f. Calculate the remainder when n is divided by (-18)/90 - (-102)/10 - -4.
11
Let j(r) = r**3 + 20*r**2 - 50*r - 108. Calculate the remainder when 164 is divided by j(-22).
20
Let k = -2 - -11. Let x = k - -7. What is the remainder when 28 is divided by x?
12
Suppose -15*b = -3*b - 12. Suppose 5*m - 54 - b = 0. What is the remainder when 19 is divided by m?
8
Let u(b) = 8*b**2 + 31*b + 57. What is the remainder when 129 is divided by u(-2)?
21
Calculate the remainder when 76/1*(-152)/(-32) is divided by 33.
31
Let v = 66 - 14. What is the remainder when (v/(-8) + 3)*(-1 + -45) is divided by 41?
38
What is the remainder when ((-6160)/(-21))/16*15 is divided by 56?
51
Let h = 690 - 602. Calculate the remainder when 434 is divided by h.
82
Let v(l) = -l**2 - 5*l - 3. Let z be v(-3). Let o(u) = z + 0 + 77*u - 89*u. Calculate the remainder when o(-1) is divided by 8.
7
Let b = -382 + 428. What is the remainder when b is divided by 16?
14
Let h be (33/(-6) - -3)*-2 + -1. Suppose h*q = 126 - 26. Let d = -11 + 15. What is the remainder when q is divided by d?
1
Calculate the remainder when 2155 is divided by 21/(-14)*(276/(-18) - -6).
13
Let o = -57 + 25. What is the remainder when (-2412)/o + 6/(-16) is divided by 20?
15
Calculate the remainder when 64 is divided by 1*(6 + 4 + 3).
12
What is the remainder when 2/6 - -43*(-6)/(-9) is divided by ((-209)/(-38))/((-2)/(-4))?
7
Let w(r) = 2*r**2 - 3*r - 1. What is the remainder when w(-2) is divided by 7?
6
Suppose -6*i = -45 - 51. Suppose -20 = -i*l + 11*l. Calculate the remainder when 14 is divided by l.
2
Suppose 4*g + 5 + 47 = 0. Let x = 28 + g. Suppose -5*o + 15 = 5*q, -7*o + 8*o - 4*q - 8 = 0. What is the remainder when x is divided by o?
3
Let l(m) = 6*m**2 - 3. Let o be l(-2). Let w(h) = -h - o*h**2 + 11 + 8 + 20*h**2. What is the remainder when w(0) is divided by 8?
3
What is the remainder when (30 - -1)*(4/1 - 3) is divided by 9?
4
Suppose -3*x - x + 460 = 0. Let c = x - 59. Suppose 76 = 4*l - 0*l. Calculate the remainder when c is divided by l.
18
Let w = -3 + 5. Let r = 38 + -33. Suppose -30 = -w*b - r*y, b - 2*y = -y + 1. What is the remainder when 13 is divided by b?
3
Let l(r) = 6*r + 67. What is the remainder when l(-9) is divided by 10?
3
Let n = -210 + 251. What is the remainder when n is divided by 22?
19
Let f(g) = 4*g + 3. Let j be f(-3). Suppose 2*r + 4*d = 88, -3*d - 8 = -r + 21. What is the remainder when r is divided by 3/j - (-61)/3?
18
Let o = -692 - -1577. Calculate the remainder when o is divided by 37.
34
Let j(q) = -q**3 + 12*q**2 - 19*q - 10. Let o be j(10). Suppose -9*h + 66 + 15 = o. Calculate the remainder when 21 is divided by h.
3
What is the remainder when 113 is divided by 2/(4/90) + (-135)/45?
29
Let r(n) = 77*n**2 - 8*n - 15. Calculate the remainder when r(-2) is divided by 39.
36
Let b be (256/48 - (-2)/(-6)) + -1. Suppose -5*c + 13 = -b*c. What is the remainder when 37 is divided by c?
11
Let b(v) = v**3 + 3*v**2 - 3*v - 9. Let k be b(-4). Let h = 26 + k. Calculate the remainder when h is divided by 10.
3
Suppose c - 97 = 3*v + 6*c, -4*v - 4*c - 116 = 0. What is the remainder when (-653)/(-6) + (-4)/v is divided by 16?
13
Let x(v) = -7*v - 18. Let r(l) = -3*l**3 + 1. Let b be r(-1). Suppose -17 + 97 = b*m. Calculate the remainder when x(-8) is divided by m.
18
Let c = -523 - -650. What is the remainder when c is divided by 36?
19
Let h = 31 + -33. Calculate the remainder when h/8 + 3688/32 is divided by 29.
28
Let l = 13 - 13. Suppose n + 4*g - g + 4 = 0, l = g + 4. Calculate the remainder when 25 is divided by ((-28)/6)/(n/(-12)).
4
Suppose 0 = -8*m + 125 + 195. What is the remainder when 478 is divided by m?
38
Suppose b - 94 = -3*s + 68, -108 = -2*s + 3*b. What is the remainder when 103 is divided by s?
49
Let z be -7 + 3 + 1 - 2. Let t(f) = -f**3 - 3*f**2 + 8*f + 15. What is the remainder when t(z) is divided by 7?
4
Let n = -7 + -58. Let m = n - -96. Suppose m = 3*a - 14. What is the remainder when a is divided by 8?
7
Suppose 30*f = 35*f + 5*h + 25, 2*h + 2 = 0. Suppose -2*l = -0*l + 28. Let w = f - l. Calculate the remainder when 29 is divided by w.
9
Suppose 4*t + 2*u - 1122 = 0, -4*t + 0*t + 2*u = -1102. Let o = -192 + t. Calculate the remainder when o is divided by 24.
14
What is the remainder when ((-12)/(-34))/3 - (-100182)/1003 is divided by 21?
16
Let j = 87 - 47. What is the remainder when 2 + 7080/45 + 8/(-6) is divided by j?
38
Let s = 18 + -16. Calculate the remainder when (-4)/s*26/(-4) is divided by 4.
1
Suppose 1282 = 6*t + 580. What is the remainder when t is divided by 32?
21
Suppose -50*h = 227 - 877. Calculate the remainder when 504 is divided by h.
10
What is the remainder when 2*(-3 + 570/12) is divided by 10?
9
Suppose 0 = 5*c - 2*c - 2*a - 7, a = -2. Let z(b) = 69*b**2 + b. Let s be z(c). Let m = s - -32. Calculate the remainder when m is divided by 26.
24
Suppose 2*h + 0*h = 24. Let f = -7 - -18. Suppose -396 = -f*j - 66. Calculate the remainder when j is divided by h.
6
Suppose 5*b - 5 = 10, -2*x = 3*b - 239. Suppose -2*u + 3*o = o - 78, 0 = -3*u + 5*o + x. What is the remainder when u is divided by 11?
7
Let b be 2*-92*(-6 + 5). Suppose q = 9*q - b. What is the remainder when -10*2/((-4)/9) is divided by q?
22
Suppose -3*n + 12 = -2*n. What is the remainder when 13489/705 + 3/((-90)/4) is divided by n?
7
Let v = -39 - -23. Calculate the remainder when 54 is divided by v/(-88) - 207/(-11).
16
Let d(c) = 27*c**2 + 7*c - 5. Calculate the remainder when 54 - 0 - 2/2 is divided by d(1).
24
Suppose -3*l = 3*l - 3738. What is the remainder when l is divided by 126?
119
Let t(l) = 2*l**2 + 5*l + 3. Suppose 2*s - 2*f + 4*f = -2, 2*f - 10 = 0. Let j be t(s). Suppose -z + 6*z - j = 0. What is the remainder when 25 is divided by z?
7
Suppose -7 = -4*h + 7*p - 2*p, p - 5 = 0. Suppose -3*j + 0*w + 192 = -3*w, -4*j - 5*w = -238. Calculate the remainder when j is divided by h.
6
Suppose 20 = -37*a + 39*a. Let o(q) = q**3 + 7*q**2 + 8*q + 7. Calculate the remainder when o(-5) is divided by a.
7
Let f = 778 - 698. What is the remainder when 272 is divided by f?
32
Let x = 5 + 6. Let a be 0/(-5)*(-1)/(-2). Suppose a = 3*t - 197 + 68. What is the remainder when t is divided by x?
10
Suppose n = -5*u - 89 - 46, -117 = 4*u - n. What is the remainder when 37 is divided by -3 - (u - -1) - 4?
17
What is the remainder when 43 is divided by (-15)/2*(-88)/55?
7
Suppose -16*f + 3*f = -364. Calculate the remainder when 79 is divided by f.
23
Suppose -2*p + 85 = -113. Suppose 5*b + 0*k - p = 2*k, k - 93 = -5*b. Calculate the remainder when ((-17)/(-4) - 4) + 582/8 is divided by b.
16
Suppose 4*w - 8*w + 56 = 0. Let n(o) = -o**3 + 5*o**2 - 6*o + 3. Let k be n(4). Let r(h) = -9*h - 4. What is the remainder when r(k) is divided by w?
13
Let d(f) = f + 7. Let m = -1 - 21. Let v = -28 - m. Calculate the remainder when 1 is divided by d(v).
0
Let f = -247 - -430. What is the remainder when -4 +